et g = 15 - 10. Suppose -g*a + 28 = 2*z, 11 = -z + k*z + a. List the prime factors of z.
3
Suppose 0 = 2*s - 1 - 19. List the prime factors of s.
2, 5
Suppose -5 = -5*f, 4*o - 528 = -0*f - 4*f. List the prime factors of o.
131
Suppose -3*t - 2*t = -20. Suppose t*j - 6 = 10. Suppose j*q = 2*f + 28, 3*q - 21 = 2*f - 0*f. List the prime factors of q.
7
Let d(y) be the first derivative of 3/2*y**2 + 1 + 2*y + 1/3*y**3. What are the prime factors of d(-4)?
2, 3
Let z = -10 + 27. List the prime factors of z.
17
Let g = -9 + 8. Let s = g + 8. What are the prime factors of s?
7
Suppose 3*x = 15 - 3. Let l(g) = -g + 5. Let w be l(x). What are the prime factors of (2 + -1)*10*w?
2, 5
Suppose 2*d + 2*m = 45 - 13, -2*m + 16 = d. Suppose -4*l + p + 20 = 3*p, p = -4*l + d. Let a = -1 + l. What are the prime factors of a?
2
Let s = 193 - 104. List the prime factors of s.
89
Let c = 28 + 113. List the prime factors of c.
3, 47
Suppose 43 = -2*x + 3*x. List the prime factors of x.
43
Suppose -8 = 4*g + 4. Let t be 31 + (-9 - g - -3). Suppose 2*n = t + 6. What are the prime factors of n?
17
Let m be (6/4)/((-6)/(-12)). Let f(j) = j - 3. Let c be f(m). Suppose c = -3*n - 2*n - 2*g + 71, -3*n + 49 = -2*g. List the prime factors of n.
3, 5
Suppose -3*l - 4*u + 232 = -197, 541 = 4*l - 5*u. What are the prime factors of l?
139
Suppose -5*i - 1 + 16 = 0. Let m be ((-2)/i)/(2/(-21)). Let y = -4 + m. List the prime factors of y.
3
Let i(b) = 7*b + 6*b**2 - b**3 - 2*b**2 + 2 - 7. Let m be i(5). Suppose 0 = -m*c - 2*z + 10, z + 40 - 15 = 5*c. What are the prime factors of c?
2
Suppose -4*h + 7*h = 24. List the prime factors of h.
2
Suppose 2*b - 4*b + 373 = 5*q, 739 = 4*b + 3*q. List the prime factors of b.
2, 23
Let z be (4 + 4)/(2 + -4). Let c(d) = d**2 - 3*d - 5. List the prime factors of c(z).
23
Suppose -o - 3*o = -36. Let i = o + 2. What are the prime factors of i?
11
Let b(a) = 10 - a - 3*a**2 - 17*a**3 + 16*a**3 + 10*a**2. List the prime factors of b(7).
3
Let s = 42 + -37. List the prime factors of s.
5
Let t = -121 - -173. What are the prime factors of t?
2, 13
Let r be (-2)/(-3)*(-9)/(-6). What are the prime factors of 2*21/3*r?
2, 7
Suppose g + 5*y - 50 = 0, 3*y + 59 + 55 = 3*g. What are the prime factors of g?
2, 5
Suppose -4*i - 9 = d, -3*d = 2*i + 2 + 5. Let j be 1 + 1 - (d + -43). Suppose 4*m + 2*s = 82, -2*m - s - s + j = 0. List the prime factors of m.
2, 3
Let u = -3 + -2. Let f = 0 + u. Let n = 14 + f. List the prime factors of n.
3
Suppose 0*c = -c. Suppose c = 3*b + 3*p - 5 - 4, -p - 1 = -b. Suppose -b*n = 3*t - 23, -t + 5*n + 0 = -19. List the prime factors of t.
3
Let f(p) be the first derivative of -1/3*p**3 - 9*p - 5 - 7*p**2. What are the prime factors of f(-11)?
2, 3
Let s(g) = -g. Let r(j) = -j**2 + 7*j + 1. Let l(v) = r(v) + 6*s(v). Let c(o) = -o**3 - 2*o**2 - 6. Let p(b) = c(b) + 2*l(b). List the prime factors of p(-5).
11
What are the prime factors of 422/(-4 + 18/3)?
211
Let a(h) = -5*h + 4. What are the prime factors of a(-3)?
19
Suppose 2*j = -2*l + 288, 4*j - 340 - 237 = -3*l. Suppose -2*i + j = 3*p, -3*p - 155 = -3*i + 25. Suppose i = 4*b + 17. What are the prime factors of b?
2, 3
Let f be (2 + 0)/(1/2). Suppose -2*h + 114 = f*o, 2*o + h + h = 52. List the prime factors of o.
31
What are the prime factors of 202 + (1 + -2)/((-6)/(-18))?
199
Let v(i) = i + 0*i - 2*i. Let o be v(1). List the prime factors of o/3 - 26/(-6).
2
Let b = 12 + -27. Let u = -3 - b. List the prime factors of u.
2, 3
Let w(f) = f. Let g(l) = -l - 3. Let b be g(-5). Let m be ((-9)/b)/((-3)/4). List the prime factors of w(m).
2, 3
Let p(c) = c + 9. Let g be p(-8). Let w(f) = f + 1. Let b be w(g). List the prime factors of 1*4 - (b + 0).
2
Let i(w) = -9*w + 1. Let o be i(-4). Let f = 12 - 7. Suppose -f*j + o - 7 = 0. What are the prime factors of j?
2, 3
Suppose -3*u + 0 = -9. Suppose -y = -0*y + 2*g - 1, -g + 8 = u*y. Suppose 0 = -y*p - 2*p + 10. What are the prime factors of p?
2
Let u(k) = -4 - 8 + 4 + 7*k + 2. List the prime factors of u(5).
29
Let m(v) = -v + 33. List the prime factors of m(0).
3, 11
Let l(t) = -5*t - 9. Let q be l(-6). Let j be 1/(-3) + q/9. List the prime factors of ((-2)/(-3))/(j/15).
5
Let o = 92 + -49. What are the prime factors of o?
43
Suppose 25 = s - 13. List the prime factors of s.
2, 19
Let g = -17 + 22. Suppose 8*v - 90 = g*v. List the prime factors of v.
2, 3, 5
Let n(g) = 155*g + 4. List the prime factors of n(1).
3, 53
List the prime factors of (11 - 1)/((-5)/(-20)).
2, 5
Suppose 4*z = 2*d + 22, 2*z + 5*d = z - 11. Let u be ((-204)/(-3))/(4/z). Suppose 6*m = 2*m + u. What are the prime factors of m?
17
Suppose -19 = 4*h - 151. List the prime factors of h.
3, 11
Let g be 7 + -1*(2 + -1). Let t(v) = 0 + 0 - 7 + 2*v. What are the prime factors of t(g)?
5
Suppose -k + 19 = 5*i, 3*i + 6 = 4*i - 2*k. List the prime factors of i.
2
Let s = -6 - -11. Let w(y) = 0 + s*y - 4 - 1. What are the prime factors of w(5)?
2, 5
Let i = 10 + -8. Suppose -4*m = 2*s - 62, 0 = 4*s - i*m - 78 - 16. What are the prime factors of s?
5
Let m = 10 - 4. List the prime factors of 5/(-2)*m*-1.
3, 5
Let p(q) = -2*q - 9. Let k be p(-6). What are the prime factors of 7*12/3 - k?
5
Suppose -60 = -4*q - 4. What are the prime factors of q?
2, 7
Suppose 3*y = -3*h - 8 - 4, -4*h - 3*y = 16. Let r(x) = 2 + 3*x**2 + 0*x**3 + x**3 - 6*x - 5. What are the prime factors of r(h)?
5
Let k = -4 + 54. Suppose y - k = -4*y. List the prime factors of y.
2, 5
Let i = -102 + 142. What are the prime factors of i?
2, 5
Suppose -2*a + 3*a = 29. List the prime factors of a.
29
Let n(b) = -2*b**3 + 9*b**2 + 8*b - 6. Let y(i) = -i**3 + i**2 - 1. Let s(m) = -n(m) + y(m). List the prime factors of s(9).
2, 7
Suppose y + q = -3, 5*q = 3*y + 3*q - 6. Let f = y + 4. Suppose -39 - 9 = -f*a. List the prime factors of a.
2, 3
Let v be 0*(-1)/(-2) - 0. Suppose -3*t + 33 = 12. Let m = v + t. List the prime factors of m.
7
Suppose 3*d + v - 15 = 0, 3*d - 4*v - 24 = 6. Suppose -2*s + d + 54 = -3*z, 0 = z. List the prime factors of s.
2, 3, 5
Let g(z) = -8*z - 6. What are the prime factors of g(-4)?
2, 13
Suppose 0 = -0*j + 7*j - 574. What are the prime factors of j?
2, 41
Let p(z) = -13*z. Let t(k) = -162*k. Let q(d) = 63*p(d) - 5*t(d). Let c be q(-5). List the prime factors of 2/(-4) + c/6.
7
Suppose 2*l = -z + 8, 2*z + 9 = 5*l - z. Let y(i) = -i**3 + 4*i**2 - i + 3. What are the prime factors of y(l)?
3
Suppose -4*s + 2*s = 0. Let f = s + 7. What are the prime factors of f?
7
Let x be -1*51/(-1 + -2). Let d be x + 2 + (2 - 2). Suppose -2*b - 4*n - 4 = -6*b, 4*b + n = d. What are the prime factors of b?
2
Let m(c) = 5 + c + 7 - 3*c + c. Suppose 0 = k - 4*g - 18 + 8, -3*k + 2*g + 20 = 0. What are the prime factors of m(k)?
2, 3
Let t = -6 + 1. Let f = t + 10. Suppose -f*r = -3*r - 4. List the prime factors of r.
2
Suppose -4*u + 12 + 0 = 0. Let o be (-3)/(2 - ((-484)/(-24))/11). List the prime factors of 1 + 1 - (u + o).
17
Let o = -5 + 8. Suppose -o*q + q = -20. What are the prime factors of q?
2, 5
Let d(o) = 6*o**2 + 2*o + 1. Let v be d(-1). Suppose 3*g - 26 = 5*x, 0 = g + 3*x - x - v. Suppose 41 = 4*c - g. What are the prime factors of c?
2, 3
Let p be (-2)/3*9/6. Let j be (-16 - p) + 0 + -2. Let u = 24 + j. List the prime factors of u.
7
Let d = 25 + -30. What are the prime factors of (d - -3) + 56/1?
2, 3
Let t(w) = 2*w + 2. List the prime factors of t(2).
2, 3
Suppose 30 = 4*h - c, -h + 13 = -3*c - 0. List the prime factors of h.
7
Suppose -d + 17 = -14. List the prime factors of d.
31
What are the prime factors of (-2)/((-53)/13 - -4)?
2, 13
Suppose 0 = -u + 4*y + 21, -u + 33 = 4*y + 12. What are the prime factors of u?
3, 7
Suppose -5*o - 5*q + 5 = 0, 3*q + 8 = q. Suppose 16 + 24 = o*l. List the prime factors of l.
2
Suppose 2*a - 9 = -c, -6*c = -3*a - 4*c + 3. Suppose a*j - 16 = 11. List the prime factors of j.
3
Let a be 1/(-2)*1*-108. Suppose 4*z - 122 - a = 0. Let b = -30 + z. What are the prime factors of b?
2, 7
Let y(g) = -21*g + 1. Let t be y(-5). Suppose -8*w + 6*w = -t. List the prime factors of w.
53
Let j = -4 + 7. Let w(u) = -u**2 + 4*u + 3. What are the prime factors of w(j)?
2, 3
Let b(n) = 15*n - 30. Let y(h) = -7*h + 15. Suppose 0 = m - 6. Let j(u) = m*b(u) + 13*y(